- 6 = 5*p. Let i(v) = 8*v**3 - v**2 - v - 1. What is i(f)?
-9
Let y(h) = 3*h - 13. Let i(x) = 3*x**2 - 90*x + 165. Let n be i(28). Determine y(n).
-22
Let c(k) = -127 + 521 - 129 - 135 - 127 - 2*k. What is c(1)?
1
Let v(x) = -3*x - 17. Suppose -18*a - 104*a = 1098. Determine v(a).
10
Let o(a) = -28*a + 706. Suppose 2*z + 27 - 20 = b, 0 = 5*b + 5*z - 170. Determine o(b).
6
Let u = 40 + -30. Let s be (-8 + u)*(2 + 21/(-3)). Let t(h) = -h**3 - 8*h**2 + 21*h + 2. Let x be t(s). Let w(q) = q**2 + 7*q + 7. Calculate w(x).
15
Let p(x) = -157 + 162 + 0*x + 2*x. Let w(g) be the second derivative of -g**3/6 - g**2 + 5*g. Let k(n) = 6*p(n) + 14*w(n). Give k(-2).
6
Suppose 705*c - 738 = 149*c - 182. Let q(i) = -174*i**2 + 3*i - 4. Give q(c).
-175
Let u(j) = -j**2 - 6*j - 1. Let z(c) = -7*c - 14*c + c**2 - 3*c + 8*c - 40. Let n be z(18). Let p be (-36)/(-21)*14/n. Determine u(p).
-1
Let l(b) = 2*b**2 - 4*b + 3. Let x(w) = 3*w**2 - 5*w + 4. Suppose 35*p = 32*p - 12. Let h(v) = p*l(v) + 3*x(v). Calculate h(-4).
12
Let g(c) = -15*c - 89 - 44 + 86 - c**2 - 44. Give g(-11).
-47
Let w = -56 - -133. Suppose -3*r = -50 + w. Let g(y) = 3*y - 4. Determine g(r).
-31
Suppose 0*m - 3*m + 3*t = -96, 100 = 4*m + 3*t. Let a(c) = -14 - 8*c + m - 19. Let j be a(-1). Let u(f) = -2*f + 3. What is u(j)?
-3
Let v(d) be the first derivative of -40 - 705*d - 64 + 723*d - 22 + d**2. Give v(-10).
-2
Let g be 1628/154 - (-8)/(-14). Let k(w) = -127*w**2 - 6 - g*w - 1 + 126*w**2. What is k(-6)?
17
Let t(v) = -v - 2. Let o(z) = -6*z - 26. Let s(h) = o(h) - 8*t(h). Calculate s(14).
18
Let w(l) = 2*l**2 + 14*l - 9 - 13*l + 11 - l**2 + 2*l**3. Let k(f) = 5*f**3 - f**2 - 2*f + 8. Let a(h) = k(h) - 2*w(h). What is a(4)?
4
Suppose 0 = -2*m - 4, 5*m - 44 = -5*r + 2*m. Suppose -u - r = -6*u, 10 = -3*x - u. Let g(h) = -h**3 + 0 + 3 - 2 - 3*h**2. What is g(x)?
17
Suppose -3 = b - 5*l - 63, 2*b - 128 = 2*l. Let w = b - 29. Let u(g) = -47*g - 8 + w*g + 7. Calculate u(-1).
10
Let c(n) = -25*n + 12*n**2 + 2004*n**3 + 2038*n**3 - 4*n + 31 - 4043*n**3. What is c(9)?
13
Let z(d) = d**3 - 22*d**2 + 8. Suppose 612*b = 562*b + 1100. What is z(b)?
8
Let y(x) be the first derivative of -x**4/4 - 8*x**3/3 - 4*x**2 - 8*x - 122. Let b be -7 + (-4 - -1 - (3 - 6)). What is y(b)?
-1
Let k(w) = -w**3 - 5*w**2 + 270*w + 66. Let f be k(-19). Let j(g) = g**3 + 12*g**2 + 22*g - 5. Determine j(f).
-25
Suppose -2*o + 0*o = -10, 0 = -5*j + 4*o - 540. Suppose -389 = 4*g + w, -g + 2 = 4*w + 103. Let l = g - j. Let z(x) = -x**2 + 8*x - 7. What is z(l)?
0
Let a be 5/20*-2*-58. Suppose 4 = a*x - 30*x. Let t(g) = -g**3 - 5*g**2 - 4*g + 1. What is t(x)?
1
Suppose 551 + 21 = 4*u. Suppose -5*w - 6*w + u = 0. Suppose -w = n - 16. Let i(y) = y**2 - 2*y + 1. Determine i(n).
4
Let u be -28 + -16 - (-12 + (0 - 0)). Let n(d) = -8*d - 254. Give n(u).
2
Let b be (-2)/4*1/(-30). Let i(h) be the third derivative of 15*h**2 - 1/6*h**4 - b*h**5 + 0*h - 2/3*h**3 + 0. Determine i(-3).
-1
Suppose -2*n = 4*o + 2, -381*n - 2*o = -384*n - 35. Let w(b) = b**2 + 8*b - 12. Determine w(n).
-3
Let q(a) = 5*a**3 + 7*a**2 - 21*a + 9. Let r(c) = c**3 + 2*c**2 - 5*c + 2. Let h(s) = -2*q(s) + 9*r(s). Suppose 336 = -z + 85*z. Calculate h(z).
-12
Let o(v) = -24*v**2 - 29*v**2 + 4*v + 19*v + 84*v**2 - 32*v**2 - 31. Determine o(8).
89
Let i be (-15)/(2*21/(-28)). Let l(w) = 6 + 2*w - 2 - w**2 + 4*w - i. Give l(6).
-6
Suppose -5*m - y = -19, -m - y - 1 = -8. Suppose 2 = 4*s - m*s. Let k(u) = -u**s + u**2 - u**2 + 8 + 1 - 9*u. Determine k(-7).
23
Let v(y) = y**2 - y - 8. Suppose m - 2*s - 27 + 22 = 0, 0 = m - 5*s - 8. What is v(m)?
-2
Let a be 8 + (-1)/((-1)/(-2)). Let p = 8 + -6. Let b(d) = p*d - 55 + 31 - d**3 + 6*d**2 + 22. Determine b(a).
10
Let r(f) = -f**2 + 16. Suppose -46 - 62 = 12*b - 36. Give r(b).
-20
Let f(c) be the first derivative of c**4/4 - 7*c**3/3 - 11*c**2/2 - 5*c - 8683. Give f(8).
-29
Let a(z) = -3858*z + 5*z**3 - 5*z**2 - 3*z**3 - 1 + 3859*z. Calculate a(2).
-3
Let z = 8949 - 8946. Let j(c) be the third derivative of -1/12*c**5 + 0*c**4 + 11*c**2 + 0*c + 0 - 1/120*c**6 + 1/6*c**z. Give j(-5).
1
Let x(c) = -13*c**2 - 14*c**2 - 7 - c**3 - 17*c**2 + 38*c**2 - 3*c + 0*c. Calculate x(-6).
11
Let l(y) = 2*y**3 + y**2 + 2*y. Let t(m) be the second derivative of -m**3/6 + 4*m**2 + 13*m. Let x = -18 - -28. Let o be t(x). What is l(o)?
-16
Let y(s) be the second derivative of s**5/20 + s**4/2 - 2*s**3/3 + 4*s**2 - 6*s. Let m = -19403 + 19397. Give y(m).
32
Let h(t) = -t**3 + 5*t**2 - t - 3. Let d be h(4). Let a(v) = 5 - d*v + 3*v + 7*v. Suppose -148*p = -145*p. Determine a(p).
5
Let o(p) = -p**3 + 4*p**2 + 3*p + 7. Suppose 0*a + 3*a + a = 0. Suppose -z + q + 2 = a, 2*z - q - 6 = 1. Determine o(z).
-3
Let r(p) = -p + 2*p - 5*p. Suppose -11*a - 127 = -688. Let l = 52 - a. Calculate r(l).
-4
Suppose 2*m + 4 = 14, 4*w - m + 5 = 0. Let o(h) be the third derivative of 1/12*h**4 + 0*h + w - 7*h**2 - 1/2*h**3. Calculate o(4).
5
Let g(n) = 0 - 4 - n**3 + 8*n + 37*n**2 - 35*n**2 + 5*n. Let k be g(-3). Let b(v) = -k + 26*v + 34*v - 2*v**2 - 56*v. Calculate b(3).
-8
Let j(x) be the second derivative of x**6/360 - x**5/15 + x**4/4 - 103*x**3/6 + 3*x - 5. Let h(z) be the second derivative of j(z). What is h(6)?
-6
Let m(o) be the third derivative of o**6/120 + 4*o**5/15 + 2*o**4/3 + 7*o**3/2 - 3*o**2 - 126*o + 2. Determine m(-15).
6
Let g(i) be the first derivative of 2*i - 4*i - 7*i + 5*i**2 - 7*i**2 + 34. Calculate g(-9).
27
Let f(s) = 2*s - 1. Let n(z) = 3*z + 12. Let h(v) = -16*v - 59. Let r(u) = 2*h(u) + 11*n(u). Let w be r(-11). Suppose 0 = -q + w. Calculate f(q).
5
Let n(k) = 43 - 6*k - 63 + 45. Give n(4).
1
Let t(x) = x + 4. Let d be t(-7). Let o(l) = -425 - 432 - 426 + 1282 + 6*l. What is o(d)?
-19
Let w(p) = -391*p - 29. Let u(m) = 78*m. Let x(n) = -5*u(n) - w(n). Give x(-10).
19
Let p(j) be the third derivative of j**4/24 - 7*j**3/6 + 17985*j**2. Let m = 13 + -7. Determine p(m).
-1
Let x(m) = -9370164*m**2 + m**3 + 11*m - 5 + 9370159*m**2 - 6*m. Suppose 0 = o + 2*o - 12. Calculate x(o).
-1
Let b = 8 + -7. Let s(k) = -5*k**2 + 1 + b + 2*k + 2 + 4*k**2. Let z = 47 + -50. Calculate s(z).
-11
Let w(b) = -b**3 + 6*b**2 + 7*b + 6. Let l be w(7). Let q(t) = 6*t - 35391 - 2*t**2 + 35398 + 4*t. Calculate q(l).
-5
Let q be (2 + -2)/(-3) + 0. Let k(a) = q*a**2 + 5 - 2*a**2 + 3*a**2 + 4*a. Suppose 39*f = -3*f - 67*f - 436. Determine k(f).
5
Let n(x) be the third derivative of x**6/120 - 3*x**5/20 - 3*x**4/8 - 7*x**3/6 + x**2 + 1274. Let w be (2 - 3 - -3) + 0. Suppose -13 = -w*o + 7. Calculate n(o).
3
Let t(c) = 5*c**2 - 641*c - 4 + 642*c - c**3 - 4 + 5. Let z = -7 - -11. Suppose -5 = 4*d - u - 4*u, 0 = z*d + 2*u - 30. Give t(d).
2
Let n be (-1)/(-5) - 5/(150/156). Let a be (n + 4 - 3)*(-9)/(-4). Let r(d) = -5 + 2 + 7 + 5*d + 10*d**2 + d**3 + 5*d. Give r(a).
-5
Suppose 0 = 5*f - 4*f + 5*f + 60. Let i(a) = a**3 + 9*a**2 - 10*a + 5. What is i(f)?
5
Let w(t) = -2*t**3 + 22*t**2 + 2*t - 22. Let m = 1053 + -1028. Suppose -m*c + 38*c = 143. Determine w(c).
0
Let z be 1/(-2)*(-6 + 7 - -343). Let a be z/774 - ((-32)/(-18) + -1). Let u(j) = 3*j**3 + j**2 - j - 1. Calculate u(a).
-2
Let s(a) = -2*a**3 + 13*a**2 - 3*a + 4. Let v(n) = -n - 15. Let t be v(-10). Let y(m) = -m**3 + 6*m**2 - 2*m + 2. Let i(p) = t*y(p) + 2*s(p). Determine i(3).
1
Let t(u) be the first derivative of u**4/4 - 16*u**3/3 - 15*u**2/2 + 6*u - 3916. What is t(17)?
40
Let m(d) be the third derivative of d**5/30 + 5*d**4/12 + 4*d**3 + d**2 + 21*d - 13. Determine m(-12).
192
Let f = -52 + 52. Suppose f = 17*w - 21*w - 4, 4*h = -5*w - 9. Let i(y) = 8*y**2 + 1 + y + 0 - 17*y**2. Calculate i(h).
-9
Let u(z) = 8496428 - 8496433 - 21*z**2 + 6*z + 0*z**3 + 4*z**3. Give u(5).
0
Let s(d) = 2078*d - 8312. Let n be s(4). Let w(f) = -f - 8. Let m(a) = a - 1. Let o(i) = 2*m(i) + w(i). What is o(n)?
-10
Let x(l) be the first derivative of -l**6/120 - l**5/6 + l**4/2 + 2*l**3 - 23*l**2/2 + 78. Let o(p) be the second derivative of x(p). Give o(-11).
1
Suppose 5*m = 70 - 10. Let q(l) = 2*l + m - 6 - 9. Determine q(-7).
-17
Let r(l) = l**3 + 3*l**2 - 6*l - 7. Let p be r(-4). Let k(o) be the third derivative of -o**5/60 + 25*o**2. Calculate k(p).
-1
Let c(p) = p**3 + 54*p**2 + 103*p - 52. Let w be c(-52). Let x(l) be the s